9?
0
What is the tens digit of 204589?
8
What is the units digit of 783988?
8
What is the ten thousands digit of 2010928?
1
What is the units digit of 383861?
1
What is the hundreds digit of 174244?
2
What is the millions digit of 12086983?
2
What is the hundreds digit of 18907460?
4
What is the ten thousands digit of 804125?
0
What is the hundred thousands digit of 5163608?
1
What is the units digit of 4678811?
1
What is the hundreds digit of 125766?
7
What is the hundred thousands digit of 125272?
1
What is the ten thousands digit of 113797?
1
What is the hundred thousands digit of 496948?
4
What is the ten thousands digit of 590806?
9
What is the thousands digit of 1295081?
5
What is the ten thousands digit of 163046?
6
What is the tens digit of 67840?
4
What is the thousands digit of 15896117?
6
What is the hundred thousands digit of 9404686?
4
What is the hundreds digit of 7065076?
0
What is the hundreds digit of 331455?
4
What is the hundreds digit of 5952812?
8
What is the hundred thousands digit of 8354394?
3
What is the tens digit of 3666079?
7
What is the units digit of 314728?
8
What is the units digit of 3417928?
8
What is the millions digit of 7379847?
7
What is the ten thousands digit of 302596?
0
What is the tens digit of 4785770?
7
What is the thousands digit of 2986115?
6
What is the units digit of 129472?
2
What is the thousands digit of 1351922?
1
What is the tens digit of 565183?
8
What is the thousands digit of 1056905?
6
What is the units digit of 632197?
7
What is the units digit of 482738?
8
What is the hundreds digit of 824342?
3
What is the millions digit of 1508958?
1
What is the units digit of 549559?
9
What is the millions digit of 7678812?
7
What is the thousands digit of 495162?
5
What is the units digit of 3019651?
1
What is the units digit of 275974?
4
What is the tens digit of 193599?
9
What is the millions digit of 2462382?
2
What is the hundreds digit of 1599728?
7
What is the units digit of 17804176?
6
What is the hundreds digit of 4144831?
8
What is the hundreds digit of 163505?
5
What is the hundreds digit of 268185?
1
What is the units digit of 677027?
7
What is the hundreds digit of 18162048?
0
What is the hundred thousands digit of 1863706?
8
What is the hundreds digit of 6484405?
4
What is the tens digit of 6699713?
1
What is the thousands digit of 324691?
4
What is the millions digit of 5715272?
5
What is the units digit of 73976?
6
What is the thousands digit of 1819914?
9
What is the millions digit of 1401284?
1
What is the ten millions digit of 27112045?
2
What is the ten millions digit of 16655652?
1
What is the tens digit of 664217?
1
What is the hundreds digit of 471351?
3
What is the hundreds digit of 2941373?
3
What is the units digit of 1863666?
6
What is the thousands digit of 4645422?
5
What is the hundred thousands digit of 3201859?
2
What is the hundred thousands digit of 573765?
5
What is the tens digit of 1685229?
2
What is the units digit of 4349560?
0
What is the hundreds digit of 1015867?
8
What is the hundreds digit of 113005?
0
What is the units digit of 7906759?
9
What is the millions digit of 1670494?
1
What is the ten thousands digit of 116223?
1
What is the units digit of 85148?
8
What is the hundred thousands digit of 4380539?
3
What is the ten thousands digit of 1699291?
9
What is the hundreds digit of 600783?
7
What is the units digit of 95389?
9
What is the ten thousands digit of 2311974?
1
What is the millions digit of 2520429?
2
What is the thousands digit of 165965?
5
What is the units digit of 385391?
1
What is the thousands digit of 234511?
4
What is the tens digit of 134727?
2
What is the hundreds digit of 361526?
5
What is the thousands digit of 956848?
6
What is the units digit of 895287?
7
What is the hundreds digit of 68284?
2
What is the units digit of 2650273?
3
What is the hundred thousands digit of 946630?
9
What is the ten thousands digit of 511735?
1
What is the ten thousands digit of 690335?
9
What is the ten millions digit of 10540515?
1
What is the tens digit of 658814?
1
What is the tens digit of 12209472?
7
What is the hundred thousands digit of 4253075?
2
What is the hundred thousands digit of 16543097?
5
What is the tens digit of 37964?
6
What is the millions digit of 6789399?
6
What is the ten thousands digit of 729772?
2
What is the ten thousands digit of 1494103?
9
What is the hundreds digit of 115603?
6
What is the units digit of 343918?
8
What is the ten thousands digit of 3370212?
7
What is the millions digit of 14332060?
4
What is the hundreds digit of 282043?
0
What is the millions digit of 1297050?
1
What is the units digit of 2308135?
5
What is the ten thousands digit of 1554885?
5
What is the thousands digit of 214844?
4
What is the tens digit of 34119?
1
What is the ten thousands digit of 261108?
6
What is the units digit of 132229?
9
What is the ten thousands digit of 17817458?
1
What is the hundred thousands digit of 10652433?
6
What is the millions digit of 4938681?
4
What is the hundred thousands digit of 816284?
8
What is the ten millions digit of 12479719?
1
What is the ten thousands digit of 967028?
6
What is the thousands digit of 62389?
2
What is the thousands digit of 700775?
0
What is the units digit of 8118589?
9
What is the units digit of 184490?
0
What is the hundreds digit of 968061?
0
What is the thousands digit of 6766996?
6
What is the hundreds digit of 567915?
9
What is the tens digit of 159460?
6
What is the units digit of 76533?
3
What is the hundreds digit of 4354486?
4
What is the thousands digit of 67894?
7
What is the hundreds digit of 149910?
9
What is the tens digit of 1521292?
9
What is the ten thousands digit of 16301319?
0
What is the hundreds digit of 539796?
7
What is the ten thousands digit of 832490?
3
What is the thousands digit of 4716189?
6
What is the ten thousands digit of 870084?
7
What is the hundreds digit of 182009?
0
What is the hundreds digit of 166880?
8
What is the units digit of 638961?
1
What is the hundred thousands digit of 13230958?
2
What is the units digit of 423303?
3
What is the hundreds digit of 1886460?
4
What is the tens digit of 5778033?
3
What is the hundred thousands digit of 9258910?
2
What is the thousands digit of 18768370?
8
What is the tens digit of 4392?
9
What is the hundred thousands digit of 440248?
4
What is the tens digit of 13664?
6
What is the hundred thousands digit of 38833255?
8
What is the tens digit of 86591?
9
What is the hundreds digit of 1875737?
7
What is the thousands digit of 816217?
6
What is the ten thousands digit of 8137322?
3
What is the thousands digit of 6467668?
7
What is the hundreds digit of 2637737?
7
What is the hundreds digit of 165799?
7
What is the hundreds digit of 88733?
7
What is the thousands digit of 16933843?
3
What is the tens digit of 99258?
5
What is the hundred thousands digit of 196051?
1
What is the units digit of 719922?
2
What is the units digit of 1931?
1
What is the units digit of 589181?
1
What is the hundred thousands digit of 16322623?
3
What is the tens digit of 696953?
5
What is the hundred thousands digit of 127330?
1
What is the ten thousands digit of 470270?
7
What is the units digit of 7431969?
9
What is the units digit of 4513177?
7
What is the units digit of 87592?
2
What is the units digit of 38859?
9
What is the ten thousands digit of 1683044?
8
What is the ten thousands digit of 8571604?
7
What is the hundreds digit of 3254048?
0
What is the millions digit of 1529385?
1
What is the hundreds digit of 92424?
4
What is the tens digit of 13018836?
3
What is the thousands digit of 1623472?
3
What is the hundreds digit of 1532277?
2
What is the hundreds digit of 221436?
4
What is the units digit of 571362?
2
What is the tens digit of 1723337?
3
What is the units digit of 1075455?
5
What is the hundred thousands digit of 1436357?
4
What is the units digit of 9809000?
0
What is the tens digit of 5685721?
2
What is the thousands digit of 247042?
7
What is the ten millions digit of 18577961?
1
What is the ten thousands digit of 5041943?
4
What is the hundreds digit of 230181?
1
What is the tens digit of 7832443?
4
What is the hundreds digit of 4328455?
4
What is the thousands digit of 36045?
6
What is the millions 